{"id":97,"date":"2025-10-21T13:45:42","date_gmt":"2025-10-21T11:45:42","guid":{"rendered":"https:\/\/www.akademiabrd.pl\/?page_id=97"},"modified":"2025-10-21T13:57:17","modified_gmt":"2025-10-21T11:57:17","slug":"szkolenia-kierowcow-pojazdow-uprzywilejowanych-pdd","status":"publish","type":"page","link":"https:\/\/www.akademiabrd.pl\/index.php\/szkolenia-kierowcow-pojazdow-uprzywilejowanych-pdd\/","title":{"rendered":"SZKOLENIA KIEROWC\u00d3W POJAZD\u00d3W UPRZYWILEJOWANYCH &#8211; PDD"},"content":{"rendered":"\n<div class=\"wp-block-group is-layout-flow wp-block-group-is-layout-flow has-background\" style=\"margin-top:0;margin-bottom:0;padding-top:0px;padding-right:0px;padding-bottom:0px;padding-left:0px;background-position:50% 50%;background-size:cover;\">\n<div class=\"wp-block-cover\" style=\"padding-top:80px;padding-right:20px;padding-bottom:80px;padding-left:20px;min-height:650px;aspect-ratio:unset;\"><img decoding=\"async\" class=\"wp-block-cover__image-background wp-image-1182\" alt=\"\" src=\"https:\/\/www.akademiabrd.pl\/wp-content\/themes\/agencyflow\/assets\/images\/banner.jpg\" data-object-fit=\"cover\"\/><span aria-hidden=\"true\" class=\"wp-block-cover__background has-background-dim\" style=\"background-color:#002b59\"><\/span><div class=\"wp-block-cover__inner-container has-global-padding is-layout-constrained wp-container-core-cover-is-layout-89cd2dc7 wp-block-cover-is-layout-constrained\">\n<div class=\"wp-block-columns are-vertically-aligned-center is-layout-flex wp-container-core-columns-is-layout-ec2e7a44 wp-block-columns-is-layout-flex\" style=\"padding-top:0;padding-bottom:0\">\n<div class=\"wp-block-column is-vertically-aligned-center is-layout-flow wp-block-column-is-layout-flow\" style=\"padding-top:40px;padding-bottom:40px\">\n<h1 class=\"wp-block-heading has-base-2-color has-text-color has-link-color wp-elements-61d93878dedf3c80c4c919c1801c5f2c\" style=\"font-size:clamp(31.609px, 1.976rem + ((1vw - 3.2px) * 2.975), 56px);\">Odpowiedzialno\u015b\u0107<br>Zaufanie<br>Skuteczno\u015b\u0107<\/h1>\n\n\n\n<p><\/p>\n\n\n\n<p class=\"has-base-2-color has-text-color has-link-color wp-elements-8113ef8f47d923370965d695806aca5b\" style=\"margin-top:0;margin-bottom:0;padding-top:28px;padding-bottom:28px\">Szkolenie <strong>PDD <\/strong>&#8211; <strong>Privilige Defensive Driving<\/strong> jest skierowane do kierowc\u00f3w wykonuj\u0105cych przejazdy przy u\u017cyciu sygna\u0142\u00f3w uprzywilejowania. Udzia\u0142 w szkoleniu zwi\u0119ksza \u015bwiadomo\u015b\u0107 zagro\u017ce\u0144 &#8211; szczeg\u00f3lnie tych generowanych przez PU, rozwija kompetencje jazdy defensywnej w ruchu drogowym i otwiera na postrzeganie przejazdu &#8222;na bombach&#8221; jako procesu obarczonego ogromnym zagro\u017ceniem i jeszcze wi\u0119ksz\u0105 odpowiedzialno\u015bci\u0105 za zesp\u00f3\u0142, pasa\u017cer\u00f3w\/pacjent\u00f3w, \u0142adunek i pozosta\u0142ych uczestnik\u00f3w ruchu. Szkolenie oparte jest o skandynawskie metody kszta\u0142cenia kierowc\u00f3w.<\/p>\n\n\n\n<div class=\"wp-block-buttons is-layout-flex wp-container-core-buttons-is-layout-7acb3391 wp-block-buttons-is-layout-flex\" style=\"margin-top:0;margin-bottom:0\">\n<div class=\"wp-block-button is-style-fill\"><a class=\"wp-block-button__link has-button-hover-color-background-color has-background wp-element-button\" href=\"https:\/\/www.akademiabrd.pl\/index.php\/36-2\/\">Zapraszamy do kontaktu<\/a><\/div>\n<\/div>\n<\/div>\n\n\n\n<div class=\"wp-block-column is-vertically-aligned-center is-layout-flow wp-block-column-is-layout-flow\"><\/div>\n<\/div>\n<\/div><\/div>\n<\/div>\n\n\n\n<main class=\"wp-block-group is-layout-flow wp-block-group-is-layout-flow\" style=\"margin-top:0;margin-bottom:0;padding-top:0;padding-right:0;padding-bottom:0;padding-left:0\">\n<div class=\"wp-block-group has-base-background-color has-background has-global-padding is-layout-constrained wp-container-core-group-is-layout-a1271a76 wp-block-group-is-layout-constrained\" style=\"margin-top:0;margin-bottom:0;padding-top:100px;padding-right:20px;padding-bottom:100px;padding-left:20px\">\n<div class=\"wp-block-group has-global-padding is-layout-constrained wp-container-core-group-is-layout-dca46307 wp-block-group-is-layout-constrained\" style=\"margin-top:0px;margin-bottom:60px\">\n<h2 class=\"wp-block-heading has-text-align-center has-secondary-color has-text-color has-link-color wp-elements-6df7a5491fea2109df9591481c476910\" style=\"padding-bottom:10px;font-style:normal;font-weight:700\">Privilige Defensive Driving<\/h2>\n\n\n\n<p class=\"has-text-align-center\" style=\"margin-top:0;margin-bottom:0\">Szkolenie doskonal\u0105ce kompetencje kierowc\u00f3w pojazd\u00f3w uprzywilejowanych<\/p>\n<\/div>\n\n\n\n<div class=\"wp-block-group has-global-padding is-layout-constrained wp-container-core-group-is-layout-dadd0ff5 wp-block-group-is-layout-constrained\">\n<div class=\"wp-block-columns are-vertically-aligned-center is-layout-flex wp-container-core-columns-is-layout-d0bbbce0 wp-block-columns-is-layout-flex\">\n<div class=\"wp-block-column is-vertically-aligned-center is-layout-flow wp-block-column-is-layout-flow\" style=\"flex-basis:40%\">\n<figure class=\"wp-block-embed is-type-video is-provider-youtube wp-block-embed-youtube wp-embed-aspect-4-3 wp-has-aspect-ratio\"><div class=\"wp-block-embed__wrapper\">\n<iframe loading=\"lazy\" title=\"PDD\" width=\"500\" height=\"281\" src=\"https:\/\/www.youtube.com\/embed\/S2yLNxaSu0k?feature=oembed\" frameborder=\"0\" allow=\"accelerometer; autoplay; clipboard-write; encrypted-media; gyroscope; picture-in-picture; web-share\" referrerpolicy=\"strict-origin-when-cross-origin\" allowfullscreen><\/iframe>\n<\/div><\/figure>\n<\/div>\n\n\n\n<div class=\"wp-block-column is-vertically-aligned-center is-layout-flow wp-block-column-is-layout-flow\">\n<div class=\"wp-block-group is-layout-grid wp-container-core-group-is-layout-57905219 wp-block-group-is-layout-grid\">\n<div class=\"wp-block-group has-global-padding is-layout-constrained wp-container-core-group-is-layout-4474b0c1 wp-block-group-is-layout-constrained\">\n<figure class=\"wp-block-image size-full is-resized\"><img decoding=\"async\" src=\"https:\/\/www.akademiabrd.pl\/wp-content\/themes\/agencyflow\/assets\/images\/icon1.png\" alt=\"\" class=\"wp-image-1215\" style=\"width:51px;height:auto\"\/><\/figure>\n\n\n\n<h2 class=\"wp-block-heading has-mdm-large-font-size\">\u015awiadomo\u015b\u0107 prawa<\/h2>\n\n\n\n<p>Kierowanie PU wymaga doskona\u0142ej znajomo\u015bci i rozumienia (a to nie to samo) obowi\u0105zuj\u0105cych przepis\u00f3w ruchu drogowego, aby nie tylko je\u017adzi\u0107 bezpieczniej ale i unikn\u0105\u0107 ogromnych problem\u00f3w w krytycznej chwili.<\/p>\n<\/div>\n\n\n\n<div class=\"wp-block-group has-global-padding is-layout-constrained wp-container-core-group-is-layout-4474b0c1 wp-block-group-is-layout-constrained\">\n<figure class=\"wp-block-image size-full is-resized\"><img decoding=\"async\" src=\"https:\/\/www.akademiabrd.pl\/wp-content\/themes\/agencyflow\/assets\/images\/icon3.png\" alt=\"\" class=\"wp-image-1215\" style=\"width:51px;height:auto\"\/><\/figure>\n\n\n\n<h2 class=\"wp-block-heading has-mdm-large-font-size\">Odpowiedzialno\u015b\u0107<\/h2>\n\n\n\n<p>Kierowcy PU to elita w\u015br\u00f3d elit na drodze, ale specyfika ich pracy nak\u0142ada na nich ogromn\u0105 odpowiedzialno\u015b\u0107 za siebie, zesp\u00f3\u0142, \u0142adunek\/pasa\u017cer\u00f3w, uczestnik\u00f3w ruchu i czas. Presja czasu to najwi\u0119kszy wr\u00f3g kierowcy PU a potrzeba asertywnego kierowania to trudna ale niezb\u0119dna do opanowania umiej\u0119tno\u015b\u0107.<\/p>\n<\/div>\n\n\n\n<div class=\"wp-block-group has-global-padding is-layout-constrained wp-container-core-group-is-layout-4474b0c1 wp-block-group-is-layout-constrained\">\n<figure class=\"wp-block-image size-full is-resized\"><img decoding=\"async\" src=\"https:\/\/www.akademiabrd.pl\/wp-content\/themes\/agencyflow\/assets\/images\/icon4.png\" alt=\"\" class=\"wp-image-1215\" style=\"width:51px;height:auto\"\/><\/figure>\n\n\n\n<h2 class=\"wp-block-heading has-mdm-large-font-size\">Skuteczno\u015b\u0107<\/h2>\n\n\n\n<p>Presja kr\u00f3tkiego czasu dojazdu stwarza najwi\u0119ksze zagro\u017cenie. To w\u0142a\u015bnie g\u0142\u00f3wnie umiej\u0119tno\u015b\u0107 asertywnego kierowania daje szans\u0119 na to, aby PU dojecha\u0142 na miejsce i udzieli\u0142 oczekiwanej pomocy lub dostarczy\u0142 \u0142adunek\/pasa\u017cera bezpiecznie.<\/p>\n<\/div>\n\n\n\n<div class=\"wp-block-group has-global-padding is-layout-constrained wp-container-core-group-is-layout-4474b0c1 wp-block-group-is-layout-constrained\">\n<figure class=\"wp-block-image size-full is-resized\"><img decoding=\"async\" src=\"https:\/\/www.akademiabrd.pl\/wp-content\/themes\/agencyflow\/assets\/images\/icon6.png\" alt=\"\" class=\"wp-image-1215\" style=\"width:51px;height:auto\"\/><\/figure>\n\n\n\n<h2 class=\"wp-block-heading has-mdm-large-font-size\">Bezpiecze\u0144stwo<\/h2>\n\n\n\n<p>Udzielenie pomocy, ratownictwo, dzia\u0142ania ochronne i transport uprzywilejowany wymagaj\u0105 najwy\u017cszych kompetencji aby zapewni\u0107 nie tylko bezpiecze\u0144stwo przejazd\u00f3w ale i utrzyma\u0107 tak istotny pozytywny wizerunek na rynku i w spo\u0142ecze\u0144stwie.<\/p>\n<\/div>\n<\/div>\n<\/div>\n<\/div>\n<\/div>\n<\/div>\n\n\n\n<div class=\"wp-block-group has-base-2-color has-base-background-color has-text-color has-background has-link-color wp-elements-950ba8c57c79bd583995c6f8d6038a10 has-global-padding is-layout-constrained wp-container-core-group-is-layout-bca66a8f wp-block-group-is-layout-constrained\" style=\"margin-top:0;margin-bottom:0;padding-top:110px;padding-right:20px;padding-bottom:110px;padding-left:20px\">\n<div class=\"wp-block-group has-global-padding is-layout-constrained wp-container-core-group-is-layout-dca46307 wp-block-group-is-layout-constrained\" style=\"margin-top:0px;margin-bottom:60px\">\n<h2 class=\"wp-block-heading has-text-align-center has-secondary-color has-text-color has-link-color wp-elements-f5594f115c799d84b252b90eb6894fe3\" style=\"padding-bottom:10px;font-style:normal;font-weight:700\">MODU\u0141Y KURSU PDD?<\/h2>\n\n\n\n<p class=\"has-text-align-center\" style=\"margin-top:0;margin-bottom:0\">Szkolenie realizowane jest na terenie podmiotu realizuj\u0105cego przejazdy PU &#8211; Pojazd\u00f3w uprzywilejowanych, oraz  w ruchu drogowym<\/p>\n<\/div>\n\n\n\n<div class=\"wp-block-group has-global-padding is-layout-constrained wp-block-group-is-layout-constrained\" style=\"padding-bottom:60px\">\n<div class=\"wp-block-group is-layout-grid wp-container-core-group-is-layout-c4d22988 wp-block-group-is-layout-grid\">\n<div class=\"wp-block-group has-border-color has-accent-5-border-color has-global-padding is-layout-constrained wp-container-core-group-is-layout-3d1733fb wp-block-group-is-layout-constrained\" style=\"border-width:1px;border-radius:10px;padding-top:30px;padding-right:20px;padding-bottom:30px;padding-left:20px\">\n<figure class=\"wp-block-image aligncenter size-full is-resized\"><img decoding=\"async\" src=\"https:\/\/www.akademiabrd.pl\/wp-content\/themes\/agencyflow\/assets\/images\/icon1.png\" alt=\"\" class=\"wp-image-1215\" style=\"width:51px;height:auto\"\/><\/figure>\n\n\n\n<h2 class=\"wp-block-heading has-text-align-center has-mdm-large-font-size\">Szkolenie teoretyczne<\/h2>\n\n\n\n<p class=\"has-text-align-center\">Szkolenie grupowe. Szerokie om\u00f3wienie obowi\u0105zuj\u0105cych przepis\u00f3w ruchu drogowego, ze szczeg\u00f3lnym uwzgl\u0119dnieniem przepis\u00f3w zwi\u0105zanych z PU, przyk\u0142ady zdarze\u0144 i orzecznictwo w tych sprawach, om\u00f3wienie teoretyczne taktyki i techniki jazdy w tym fizyka pojazdu, cz\u0119ste b\u0142\u0119dy kierowc\u00f3w skutkuj\u0105ce zdarzeniami drogowymi.  <\/p>\n<\/div>\n\n\n\n<div class=\"wp-block-group has-border-color has-global-padding is-layout-constrained wp-container-core-group-is-layout-3d1733fb wp-block-group-is-layout-constrained\" style=\"border-color:#b5bdbc;border-width:1px;border-radius:10px;padding-top:30px;padding-right:20px;padding-bottom:30px;padding-left:20px\">\n<figure class=\"wp-block-image aligncenter size-full is-resized\"><img decoding=\"async\" src=\"https:\/\/www.akademiabrd.pl\/wp-content\/themes\/agencyflow\/assets\/images\/icon3.png\" alt=\"\" class=\"wp-image-1215\" style=\"width:51px;height:auto\"\/><\/figure>\n\n\n\n<h2 class=\"wp-block-heading has-text-align-center has-mdm-large-font-size\">Przygotowanie i diagnoza<\/h2>\n\n\n\n<p class=\"has-text-align-center\">Szkolenie indywidualne.<br>W tym module skupiamy si\u0119 na przygotowaniu pojazdu i kierowcy do jazdy zgodnie z prawid\u0142ow\u0105 technik\u0105 i filozofi\u0105 defensive driving. Okre\u015blamy w\u0142a\u015bciw\u0105 pozycje za kierownic\u0105, omawiamy nale\u017cyte przygotowanie kabiny, skuteczne i \u015bwiadome u\u017cywanie sygna\u0142\u00f3w uprzywilejowania i odbywamy wst\u0119pn\u0105 jazd\u0119 diagnozuj\u0105c\u0105 w ruchu drogowym. <\/p>\n<\/div>\n\n\n\n<div class=\"wp-block-group has-border-color has-global-padding is-layout-constrained wp-container-core-group-is-layout-3d1733fb wp-block-group-is-layout-constrained\" style=\"border-color:#b5bdbc;border-width:1px;border-radius:10px;padding-top:30px;padding-right:20px;padding-bottom:30px;padding-left:20px\">\n<figure class=\"wp-block-image aligncenter size-full is-resized\"><img decoding=\"async\" src=\"https:\/\/www.akademiabrd.pl\/wp-content\/themes\/agencyflow\/assets\/images\/icon6.png\" alt=\"\" class=\"wp-image-1215\" style=\"width:51px;height:auto\"\/><\/figure>\n\n\n\n<h2 class=\"wp-block-heading has-text-align-center has-mdm-large-font-size\">Korekta i weryfikacja<\/h2>\n\n\n\n<p class=\"has-text-align-center\">W tym module omawiamy dobre i z\u0142e zachowania i czynno\u015bci kierowcy, zdefiniowane w poprzednim module. Rozwijamy umiej\u0119tno\u015bci jazdy Privilige Defensive Driving w trakcie kolejnych przejazd\u00f3w najcz\u0119\u015bciej odbywanymi trasami lub trasami o najwi\u0119kszym potencjalnym ryzyku. <br>Modu\u0142 ko\u0144czymy om\u00f3wieniem pozytywnych zmian i okre\u015bleniem aspekt\u00f3w do samodzielnej korekty.<\/p>\n<\/div>\n<\/div>\n<\/div>\n\n\n\n<div class=\"wp-block-buttons is-content-justification-center is-layout-flex wp-container-core-buttons-is-layout-a89b3969 wp-block-buttons-is-layout-flex\">\n<div class=\"wp-block-button\"><a class=\"wp-block-button__link has-text-align-center wp-element-button\" href=\"https:\/\/www.akademiabrd.pl\/index.php\/36-2\/\">Zapraszam do kontaktu<\/a><\/div>\n<\/div>\n<\/div>\n\n\n\n<div class=\"wp-block-group is-layout-flow wp-block-group-is-layout-flow\" style=\"margin-top:0;margin-bottom:0;padding-top:0px;padding-right:0px;padding-bottom:0px;padding-left:0px\">\n<p>Zaj\u0119cia teoretyczne w formie zaj\u0105\u0107 grupowych na sali wyk\u0142adowej podmiotu lub miejscu ustalonym. Szkolenie odbywa si\u0119 pojazdami taboru Zamawiaj\u0105cego. Dla zapewnienia jak najmniejszego obci\u0105\u017cenia podmiotu i jego kierowc\u00f3w szkoleniem w godzinach pracy\/s\u0142u\u017cby, w zale\u017cno\u015bci od okoliczno\u015bci i mo\u017cliwo\u015bci zaj\u0119cia praktyczne (indywidualne) realizowane mog\u0105 by\u0107 r\u00f3wnie\u017c w trakcie wykonywania niekt\u00f3rych zada\u0144 kierowcy w czasie jego pracy\/s\u0142u\u017cby. Szczeg\u00f3\u0142y przebiegu szkolenia ustalane s\u0105 bezpo\u015brednio z Zamawiaj\u0105cym. <\/p>\n\n\n\n<p>Ka\u017cdy uczestnik szkolenia w przypadku osi\u0105gni\u0119cia nale\u017cytego poziomu wiedzy i umiej\u0119tno\u015bci otrzymuje imienny certyfikat.<\/p>\n<\/div>\n<\/main>\n\n\n\n<p><\/p>\n","protected":false},"excerpt":{"rendered":"<p>Privilige Defensive Driving Szkolenie doskonal\u0105ce kompetencje kierowc\u00f3w pojazd\u00f3w uprzywilejowanych \u015awiadomo\u015b\u0107 prawa Kierowanie PU wymaga doskona\u0142ej znajomo\u015bci i rozumienia (a to nie to samo) obowi\u0105zuj\u0105cych przepis\u00f3w ruchu drogowego, aby nie tylko je\u017adzi\u0107 bezpieczniej ale i unikn\u0105\u0107 ogromnych problem\u00f3w w krytycznej chwili. Odpowiedzialno\u015b\u0107 Kierowcy PU to elita w\u015br\u00f3d elit na drodze, ale specyfika ich pracy nak\u0142ada na [&hellip;]<\/p>\n","protected":false},"author":1,"featured_media":0,"parent":0,"menu_order":0,"comment_status":"closed","ping_status":"closed","template":"","meta":{"footnotes":""},"class_list":["post-97","page","type-page","status-publish","hentry"],"_links":{"self":[{"href":"https:\/\/www.akademiabrd.pl\/index.php\/wp-json\/wp\/v2\/pages\/97","targetHints":{"allow":["GET"]}}],"collection":[{"href":"https:\/\/www.akademiabrd.pl\/index.php\/wp-json\/wp\/v2\/pages"}],"about":[{"href":"https:\/\/www.akademiabrd.pl\/index.php\/wp-json\/wp\/v2\/types\/page"}],"author":[{"embeddable":true,"href":"https:\/\/www.akademiabrd.pl\/index.php\/wp-json\/wp\/v2\/users\/1"}],"replies":[{"embeddable":true,"href":"https:\/\/www.akademiabrd.pl\/index.php\/wp-json\/wp\/v2\/comments?post=97"}],"version-history":[{"count":4,"href":"https:\/\/www.akademiabrd.pl\/index.php\/wp-json\/wp\/v2\/pages\/97\/revisions"}],"predecessor-version":[{"id":103,"href":"https:\/\/www.akademiabrd.pl\/index.php\/wp-json\/wp\/v2\/pages\/97\/revisions\/103"}],"wp:attachment":[{"href":"https:\/\/www.akademiabrd.pl\/index.php\/wp-json\/wp\/v2\/media?parent=97"}],"curies":[{"name":"wp","href":"https:\/\/api.w.org\/{rel}","templated":true}]}}