{"id":36,"date":"2025-07-04T15:44:38","date_gmt":"2025-07-04T13:44:38","guid":{"rendered":"https:\/\/www.akademiabrd.pl\/?page_id=36"},"modified":"2025-07-04T15:47:17","modified_gmt":"2025-07-04T13:47:17","slug":"36-2","status":"publish","type":"page","link":"https:\/\/www.akademiabrd.pl\/index.php\/36-2\/","title":{"rendered":"Kontakt"},"content":{"rendered":"\n<div class=\"wp-block-group wow animate__animated animate__fadeInUp has-global-padding is-layout-constrained wp-block-group-is-layout-constrained\" style=\"margin-top:0;margin-bottom:0;padding-top:var(--wp--preset--spacing--50);padding-bottom:var(--wp--preset--spacing--50)\">\n<div class=\"wp-block-columns are-vertically-aligned-center is-layout-flex wp-container-core-columns-is-layout-7fc3d43a wp-block-columns-is-layout-flex\">\n<div class=\"wp-block-column is-vertically-aligned-center wow animate__animated animate__fadeInUp is-layout-flow wp-block-column-is-layout-flow\" style=\"flex-basis:45%\">\n<div class=\"wp-block-group has-global-padding is-layout-constrained wp-block-group-is-layout-constrained\" style=\"margin-top:0;margin-bottom:0;padding-top:0;padding-bottom:0\">\n<p class=\"has-text-align-left\" style=\"margin-top:0;margin-bottom:0\"><mark style=\"background-color:rgba(0, 0, 0, 0);color:#01a4ef\" class=\"has-inline-color\">Kontakt<\/mark><\/p>\n\n\n\n<h2 class=\"wp-block-heading has-text-align-left has-body-font-family\" style=\"margin-top:0;font-size:clamp(20px, 1.25rem + ((1vw - 3.2px) * 1.463), 32px);font-style:normal;font-weight:500;line-height:1.2\">AKADEMIA BEZPIECZE\u0143STWA<br>Biuro bieg\u0142ych s\u0105dowych <br>Sp. z o.o.<\/h2>\n\n\n\n<p>ul. S\u0142awomira 21\/17<br>71-606 Szczecin<\/p>\n\n\n\n<p style=\"margin-top:10px;margin-bottom:0\">+48 500 000 139<\/p>\n\n\n\n<p style=\"margin-top:10px;margin-bottom:0\">biuro@akademiabrd.pl<\/p>\n\n\n\n<p style=\"margin-top:10px;margin-bottom:0\">NIP 7252135832<\/p>\n\n\n\n<div class=\"wp-block-buttons is-content-justification-left is-layout-flex wp-container-core-buttons-is-layout-bdd95141 wp-block-buttons-is-layout-flex\" style=\"margin-top:var(--wp--preset--spacing--30)\"><\/div>\n<\/div>\n<\/div>\n\n\n\n<div class=\"wp-block-column is-vertically-aligned-center wow animate__animated animate__fadeInUp is-layout-flow wp-block-column-is-layout-flow\">\n<figure class=\"wp-block-image size-full has-custom-border\"><img loading=\"lazy\" decoding=\"async\" width=\"563\" height=\"216\" src=\"https:\/\/www.akademiabrd.pl\/wp-content\/uploads\/2025\/07\/AKADEMIA-BEZPIECZENSTWA-LOGO1.png\" alt=\"\" class=\"wp-image-31\" style=\"border-radius:8px\" srcset=\"https:\/\/www.akademiabrd.pl\/wp-content\/uploads\/2025\/07\/AKADEMIA-BEZPIECZENSTWA-LOGO1.png 563w, https:\/\/www.akademiabrd.pl\/wp-content\/uploads\/2025\/07\/AKADEMIA-BEZPIECZENSTWA-LOGO1-300x115.png 300w\" sizes=\"auto, (max-width: 563px) 100vw, 563px\" \/><\/figure>\n<\/div>\n<\/div>\n<\/div>\n","protected":false},"excerpt":{"rendered":"<p>Kontakt AKADEMIA BEZPIECZE\u0143STWABiuro bieg\u0142ych s\u0105dowych Sp. z o.o. ul. S\u0142awomira 21\/1771-606 Szczecin +48 500 000 139 biuro@akademiabrd.pl NIP 7252135832<\/p>\n","protected":false},"author":1,"featured_media":0,"parent":0,"menu_order":0,"comment_status":"closed","ping_status":"closed","template":"","meta":{"footnotes":""},"class_list":["post-36","page","type-page","status-publish","hentry"],"_links":{"self":[{"href":"https:\/\/www.akademiabrd.pl\/index.php\/wp-json\/wp\/v2\/pages\/36","targetHints":{"allow":["GET"]}}],"collection":[{"href":"https:\/\/www.akademiabrd.pl\/index.php\/wp-json\/wp\/v2\/pages"}],"about":[{"href":"https:\/\/www.akademiabrd.pl\/index.php\/wp-json\/wp\/v2\/types\/page"}],"author":[{"embeddable":true,"href":"https:\/\/www.akademiabrd.pl\/index.php\/wp-json\/wp\/v2\/users\/1"}],"replies":[{"embeddable":true,"href":"https:\/\/www.akademiabrd.pl\/index.php\/wp-json\/wp\/v2\/comments?post=36"}],"version-history":[{"count":3,"href":"https:\/\/www.akademiabrd.pl\/index.php\/wp-json\/wp\/v2\/pages\/36\/revisions"}],"predecessor-version":[{"id":40,"href":"https:\/\/www.akademiabrd.pl\/index.php\/wp-json\/wp\/v2\/pages\/36\/revisions\/40"}],"wp:attachment":[{"href":"https:\/\/www.akademiabrd.pl\/index.php\/wp-json\/wp\/v2\/media?parent=36"}],"curies":[{"name":"wp","href":"https:\/\/api.w.org\/{rel}","templated":true}]}}