{"id":2,"date":"2025-07-03T22:24:44","date_gmt":"2025-07-03T20:24:44","guid":{"rendered":"https:\/\/www.akademiabrd.pl\/?page_id=2"},"modified":"2025-10-21T13:46:23","modified_gmt":"2025-10-21T11:46:23","slug":"przykladowa-strona","status":"publish","type":"page","link":"https:\/\/www.akademiabrd.pl\/index.php\/przykladowa-strona\/","title":{"rendered":"OFERTA SZKOLE\u0143"},"content":{"rendered":"\n<p><\/p>\n\n\n\n<div class=\"wp-block-media-text is-stacked-on-mobile\" style=\"grid-template-columns:23% auto\"><figure class=\"wp-block-media-text__media\"><img loading=\"lazy\" decoding=\"async\" width=\"820\" height=\"546\" src=\"https:\/\/www.akademiabrd.pl\/wp-content\/uploads\/2025\/09\/R.jpg\" alt=\"\" class=\"wp-image-59 size-full\" srcset=\"https:\/\/www.akademiabrd.pl\/wp-content\/uploads\/2025\/09\/R.jpg 820w, https:\/\/www.akademiabrd.pl\/wp-content\/uploads\/2025\/09\/R-300x200.jpg 300w, https:\/\/www.akademiabrd.pl\/wp-content\/uploads\/2025\/09\/R-768x511.jpg 768w\" sizes=\"auto, (max-width: 820px) 100vw, 820px\" \/><\/figure><div class=\"wp-block-media-text__content\">\n<p>SZKOLENIA DLA INSTRUKTOR\u00d3W NAUKI JAZDY<\/p>\n<\/div><\/div>\n\n\n\n<div class=\"wp-block-media-text has-media-on-the-right is-stacked-on-mobile\" style=\"grid-template-columns:auto 23%\"><div class=\"wp-block-media-text__content\">\n<p class=\"has-text-align-right\"><a href=\"https:\/\/www.akademiabrd.pl\/index.php\/warsztaty-dla-egzaminatorow\/\" data-type=\"page\" data-id=\"45\">WARSZTATY DLA EGZAMINATOR\u00d3W PRAWA JAZDY<\/a><\/p>\n<\/div><figure class=\"wp-block-media-text__media\"><a href=\"https:\/\/www.akademiabrd.pl\/index.php\/warsztaty-dla-egzaminatorow\/\"><img loading=\"lazy\" decoding=\"async\" width=\"500\" height=\"333\" src=\"https:\/\/www.akademiabrd.pl\/wp-content\/uploads\/2025\/09\/624554a6086ff_o_full.jpg\" alt=\"\" class=\"wp-image-60 size-full\" srcset=\"https:\/\/www.akademiabrd.pl\/wp-content\/uploads\/2025\/09\/624554a6086ff_o_full.jpg 500w, https:\/\/www.akademiabrd.pl\/wp-content\/uploads\/2025\/09\/624554a6086ff_o_full-300x200.jpg 300w\" sizes=\"auto, (max-width: 500px) 100vw, 500px\" \/><\/a><\/figure><\/div>\n\n\n\n<div class=\"wp-block-media-text is-stacked-on-mobile\" style=\"grid-template-columns:23% auto\"><figure class=\"wp-block-media-text__media\"><a href=\"https:\/\/www.akademiabrd.pl\/index.php\/warsztaty-dla-mlodziezy-szkolnej\/\"><img loading=\"lazy\" decoding=\"async\" width=\"1024\" height=\"682\" src=\"https:\/\/www.akademiabrd.pl\/wp-content\/uploads\/2025\/09\/zsa-1024x682.jpg\" alt=\"\" class=\"wp-image-61 size-full\" srcset=\"https:\/\/www.akademiabrd.pl\/wp-content\/uploads\/2025\/09\/zsa-1024x682.jpg 1024w, https:\/\/www.akademiabrd.pl\/wp-content\/uploads\/2025\/09\/zsa-300x200.jpg 300w, https:\/\/www.akademiabrd.pl\/wp-content\/uploads\/2025\/09\/zsa-768x512.jpg 768w, https:\/\/www.akademiabrd.pl\/wp-content\/uploads\/2025\/09\/zsa.jpg 1280w\" sizes=\"auto, (max-width: 1024px) 100vw, 1024px\" \/><\/a><\/figure><div class=\"wp-block-media-text__content\">\n<p><a href=\"https:\/\/www.akademiabrd.pl\/index.php\/warsztaty-dla-mlodziezy-szkolnej\/\" data-type=\"page\" data-id=\"70\">WARSZTATY DLA M\u0141ODZIE\u017bY SZKOLNEJ<\/a><\/p>\n<\/div><\/div>\n\n\n\n<div class=\"wp-block-media-text has-media-on-the-right is-stacked-on-mobile\" style=\"grid-template-columns:auto 23%\"><div class=\"wp-block-media-text__content\">\n<p class=\"has-text-align-right\">SZKOLENIA DLA FIRM <\/p>\n<\/div><figure class=\"wp-block-media-text__media\"><a href=\"https:\/\/www.facebook.com\/photo.php?fbid=837734401722130&amp;set=pb.100064567341196.-2207520000&amp;type=3\" target=\"_blank\" rel=\" noreferrer noopener\"><img loading=\"lazy\" decoding=\"async\" width=\"1024\" height=\"480\" src=\"https:\/\/www.akademiabrd.pl\/wp-content\/uploads\/2025\/09\/FIRM-1024x480.jpg\" alt=\"\" class=\"wp-image-62 size-full\" srcset=\"https:\/\/www.akademiabrd.pl\/wp-content\/uploads\/2025\/09\/FIRM-1024x480.jpg 1024w, https:\/\/www.akademiabrd.pl\/wp-content\/uploads\/2025\/09\/FIRM-300x141.jpg 300w, https:\/\/www.akademiabrd.pl\/wp-content\/uploads\/2025\/09\/FIRM-768x360.jpg 768w, https:\/\/www.akademiabrd.pl\/wp-content\/uploads\/2025\/09\/FIRM-1536x720.jpg 1536w, https:\/\/www.akademiabrd.pl\/wp-content\/uploads\/2025\/09\/FIRM.jpg 2048w\" sizes=\"auto, (max-width: 1024px) 100vw, 1024px\" \/><\/a><\/figure><\/div>\n\n\n\n<div class=\"wp-block-media-text is-stacked-on-mobile\" style=\"grid-template-columns:23% auto\"><figure class=\"wp-block-media-text__media\"><a href=\"https:\/\/www.akademiabrd.pl\/index.php\/szkolenia-kierowcow-pojazdow-uprzywilejowanych-pdd\/\" target=\"_blank\" rel=\" noreferrer noopener\"><img loading=\"lazy\" decoding=\"async\" width=\"1024\" height=\"576\" src=\"https:\/\/www.akademiabrd.pl\/wp-content\/uploads\/2025\/10\/Privilege-Defensive-Driving-1024x576.jpg\" alt=\"\" class=\"wp-image-95 size-full\" srcset=\"https:\/\/www.akademiabrd.pl\/wp-content\/uploads\/2025\/10\/Privilege-Defensive-Driving-1024x576.jpg 1024w, https:\/\/www.akademiabrd.pl\/wp-content\/uploads\/2025\/10\/Privilege-Defensive-Driving-300x169.jpg 300w, https:\/\/www.akademiabrd.pl\/wp-content\/uploads\/2025\/10\/Privilege-Defensive-Driving-768x432.jpg 768w, https:\/\/www.akademiabrd.pl\/wp-content\/uploads\/2025\/10\/Privilege-Defensive-Driving-1536x864.jpg 1536w, https:\/\/www.akademiabrd.pl\/wp-content\/uploads\/2025\/10\/Privilege-Defensive-Driving-2048x1152.jpg 2048w\" sizes=\"auto, (max-width: 1024px) 100vw, 1024px\" \/><\/a><\/figure><div class=\"wp-block-media-text__content\">\n<p class=\"has-text-align-left\"><a href=\"https:\/\/www.akademiabrd.pl\/index.php\/szkolenia-kierowcow-pojazdow-uprzywilejowanych-pdd\/\" data-type=\"page\" data-id=\"97\">DOSKONALENIE KIEROWC\u00d3W POJAZD\u00d3W UPRZYWILEJOWANYCH<\/a><\/p>\n<\/div><\/div>\n\n\n\n<p><\/p>\n","protected":false},"excerpt":{"rendered":"<p>SZKOLENIA DLA INSTRUKTOR\u00d3W NAUKI JAZDY WARSZTATY DLA EGZAMINATOR\u00d3W PRAWA JAZDY WARSZTATY DLA M\u0141ODZIE\u017bY SZKOLNEJ SZKOLENIA DLA FIRM DOSKONALENIE KIEROWC\u00d3W POJAZD\u00d3W UPRZYWILEJOWANYCH<\/p>\n","protected":false},"author":1,"featured_media":65,"parent":0,"menu_order":0,"comment_status":"closed","ping_status":"open","template":"","meta":{"footnotes":""},"class_list":["post-2","page","type-page","status-publish","has-post-thumbnail","hentry"],"_links":{"self":[{"href":"https:\/\/www.akademiabrd.pl\/index.php\/wp-json\/wp\/v2\/pages\/2","targetHints":{"allow":["GET"]}}],"collection":[{"href":"https:\/\/www.akademiabrd.pl\/index.php\/wp-json\/wp\/v2\/pages"}],"about":[{"href":"https:\/\/www.akademiabrd.pl\/index.php\/wp-json\/wp\/v2\/types\/page"}],"author":[{"embeddable":true,"href":"https:\/\/www.akademiabrd.pl\/index.php\/wp-json\/wp\/v2\/users\/1"}],"replies":[{"embeddable":true,"href":"https:\/\/www.akademiabrd.pl\/index.php\/wp-json\/wp\/v2\/comments?post=2"}],"version-history":[{"count":10,"href":"https:\/\/www.akademiabrd.pl\/index.php\/wp-json\/wp\/v2\/pages\/2\/revisions"}],"predecessor-version":[{"id":99,"href":"https:\/\/www.akademiabrd.pl\/index.php\/wp-json\/wp\/v2\/pages\/2\/revisions\/99"}],"wp:featuredmedia":[{"embeddable":true,"href":"https:\/\/www.akademiabrd.pl\/index.php\/wp-json\/wp\/v2\/media\/65"}],"wp:attachment":[{"href":"https:\/\/www.akademiabrd.pl\/index.php\/wp-json\/wp\/v2\/media?parent=2"}],"curies":[{"name":"wp","href":"https:\/\/api.w.org\/{rel}","templated":true}]}}